are the prime factors of 389450458?
2, 31, 6281459
List the prime factors of 169419714.
2, 3, 73, 613, 631
What are the prime factors of 1532113242?
2, 3, 11, 37, 727, 863
List the prime factors of 891995248.
2, 139, 401077
List the prime factors of 21346215.
3, 5, 11, 19, 619
What are the prime factors of 5226274613?
7, 23, 61, 532153
What are the prime factors of 778467376?
2, 263, 184997
List the prime factors of 1388281721.
19, 509, 143551
What are the prime factors of 593010504?
2, 3, 2745419
List the prime factors of 2163753835.
5, 2207, 196081
List the prime factors of 268473827.
268473827
List the prime factors of 8760603403.
97, 90315499
What are the prime factors of 416056899?
3, 138685633
What are the prime factors of 2259657?
3, 17, 547
List the prime factors of 2773011348.
2, 3, 43, 199039
List the prime factors of 479774486.
2, 37, 769, 8431
List the prime factors of 20706363.
3, 2300707
List the prime factors of 306326906.
2, 241, 635533
What are the prime factors of 4004092034?
2, 19, 23, 311, 14731
List the prime factors of 31466282.
2, 43, 67, 127
What are the prime factors of 135167071?
13, 191, 54437
What are the prime factors of 2465280424?
2, 3061, 100673
What are the prime factors of 434975504?
2, 27185969
List the prime factors of 2221567527.
3, 349, 2121841
List the prime factors of 62043312.
2, 3, 431, 2999
What are the prime factors of 2753188831?
1619, 1700549
What are the prime factors of 305053753?
305053753
List the prime factors of 304649013.
3, 1163, 87317
What are the prime factors of 92083505?
5, 18416701
List the prime factors of 54066196.
2, 13516549
List the prime factors of 459759644.
2, 19, 2333, 2593
What are the prime factors of 4843913429?
53, 91394593
What are the prime factors of 459130879?
4889, 93911
What are the prime factors of 807024758?
2, 403512379
List the prime factors of 35599182.
2, 3, 29, 109, 1877
List the prime factors of 61786946.
2, 13, 2376421
List the prime factors of 1527487084.
2, 11261, 33911
What are the prime factors of 812865898?
2, 13, 31264073
List the prime factors of 348551279.
83, 103, 40771
List the prime factors of 666588218.
2, 997, 334297
What are the prime factors of 275216102?
2, 7, 19, 191, 5417
What are the prime factors of 46807576?
2, 23, 254389
What are the prime factors of 200985068?
2, 50246267
List the prime factors of 40879877.
919, 44483
List the prime factors of 4121154910.
2, 5, 19, 29, 747941
List the prime factors of 283700221.
7, 40528603
List the prime factors of 571068646.
2, 285534323
What are the prime factors of 14289456?
2, 3, 349, 853
What are the prime factors of 250431944?
2, 7, 638857
What are the prime factors of 101121558?
2, 3, 577, 29209
List the prime factors of 1904366088.
2, 3, 317, 83437
What are the prime factors of 405363661?
23, 227, 77641
What are the prime factors of 794592207?
3, 29429341
What are the prime factors of 2957718366?
2, 3, 47, 1031, 3391
List the prime factors of 2683040028.
2, 3, 17, 79, 229, 727
What are the prime factors of 46452940?
2, 5, 2322647
What are the prime factors of 78543444?
2, 3, 7, 421, 2221
What are the prime factors of 727114819?
19, 38269201
What are the prime factors of 637458357?
3, 61, 1553, 2243
What are the prime factors of 759721715?
5, 173, 878291
List the prime factors of 38645289.
3, 1431307
What are the prime factors of 53187560?
2, 5, 17, 43, 107
List the prime factors of 1078959822.
2, 3, 179826637
What are the prime factors of 269011033?
47, 5723639
What are the prime factors of 173782746?
2, 3, 1072733
What are the prime factors of 23907294?
2, 3, 1328183
What are the prime factors of 2597644898?
2, 29, 2011, 22271
List the prime factors of 3379508544.
2, 3, 107, 179, 919
List the prime factors of 43321208.
2, 7, 281, 2753
List the prime factors of 1937292.
2, 3, 7, 23063
What are the prime factors of 329722682?
2, 3709, 44449
List the prime factors of 6918380.
2, 5, 7, 49417
List the prime factors of 2371878357.
3, 19, 41611901
List the prime factors of 160460671.
7, 17, 1348409
List the prime factors of 106874501.
61, 547, 3203
What are the prime factors of 708127117?
53, 13360889
What are the prime factors of 828002648?
2, 11, 9409121
What are the prime factors of 37700107?
163, 231289
List the prime factors of 2238418072.
2, 11, 25436569
List the prime factors of 12035709.
3, 7, 21227
List the prime factors of 98289341.
41, 251, 9551
What are the prime factors of 1131548145?
3, 5, 7, 13, 53, 15641
List the prime factors of 3137870129.
3137870129
What are the prime factors of 6490485435?
3, 5, 7, 2917, 21191
List the prime factors of 122015562.
2, 3, 17, 1196231
List the prime factors of 2846081255.
5, 37, 79, 193, 1009
What are the prime factors of 47028831?
3, 15676277
List the prime factors of 112000997.
3583, 31259
What are the prime factors of 45863945?
5, 59, 107, 1453
List the prime factors of 50635489.
23, 2201543
What are the prime factors of 341750592?
2, 3, 17, 2053
What are the prime factors of 246500151?
3, 317, 259201
What are the prime factors of 707224692?
2, 3, 173, 443, 769
List the prime factors of 1603419162.
2, 3, 267236527
What are the prime factors of 45729364?
2, 11432341
List the prime factors of 589253943.
3, 139, 1413079
List the prime factors of 1598390481.
3, 532796827
What are the prime factors of 50082835?
5, 11, 67, 13591
What are the prime factors of 84348193?
41, 97, 127, 167
List the prime factors of 63593644.
2, 15898411
What are the prime factors of 4249834000?
2, 5, 29, 47, 1559
What are the prime factors of 188817013?
7, 11, 41, 59809
What are the prime factors of 1321920256?
2, 5163751
List the prime factors of 2070039831.
3, 690013277
What are the prime factors of 331140368?
2, 13, 163, 9767
What are the prime factors of 153550403?
359, 427717
What are the prime factors of 95291891?
95291891
List the prime factors of 35343275.
5, 11, 128521
List the prime factors of 804055279.
83, 439, 22067
What are the prime factors of 312621998?
2, 13, 12023923
What are the prime factors of 43996252?
2, 10999063
What are the prime factors of 28073401?
4337, 6473
List the prime factors of 17527332.
2, 3, 811, 1801
List the prime factors of 144859355.
5, 41, 706631
List the prime factors of 124488093.
3, 17, 2440943
What are the prime factors of 118865997?
3, 31, 89, 4787
What are the prime factors of 177025653?
3, 7, 2809931
List the prime factors of 280528955.
5, 7, 811, 9883
List the prime factors of 412183502.
2, 31, 6648121
List the prime factors of 8772654585.
3, 5, 17, 41, 839087
What are the prime factors of 24695650?
2, 5, 7, 37, 1907
List the prime factors of 58121405.
5, 439, 26479
What are the prime factors of 21827340?
2, 3, 5, 83, 487
What are the prime factors of 259653020?
2, 5, 11, 1180241
What are the prime factors of 5709224329?
19, 1693, 177487
List the prime factors of 2004944174.
2, 29, 127, 272189
List the prime factors of 132424344.
2, 3, 13, 10883
List the prime factors of 6487162.
2, 11, 149, 1979
List the prime factors of 613648703.
613648703
List the prime factors of 5188143.
3, 1163, 1487
List the prime factors of 206023357.
17, 12119021
What are the prime factors of 4935055513?
23, 827, 259453
What are the prime factors of 33057017?
7, 19, 35507
List the prime factors of 27845900.
2, 5, 278459
What are the prime factors of 982554236?
2, 17, 14449327
List the prime factors of 1296050215.
5, 1373, 188791
What are the prime factors of 67841418?
2, 3, 367, 30809
What are the prime factors of 165680546?
2, 23, 47, 197, 389
What are the prime factors of 679459390?
2, 5, 1297, 52387
What are the prime factors of 9832520?
2, 5, 401, 613
List the prime factors of 78838839.
3, 761, 1279
List the prime factors of 64038089.
283, 226283
What are the prime factors of 7183426540?
2, 5, 359171327
List the prime factors of 188672558.
2, 94336279
What are the prime factors of 474576597?
3, 11, 443, 3607
What are the prime factors of 743546063?
13, 47, 53, 22961
What are the prime factors of 266077732?
2, 283, 235051
List the prime factors of 134796406.
2, 67398203
List the prime factors of 69061716.
2, 3, 431, 4451
List the prime factors of 71664630.
2, 3, 5, 61, 39161
List the prime factors of 139218154.
2, 29, 73, 131, 251
What are th